 - 11*y - 5. Let b(v) = 5*v**3 + 4*v**2 - 5*v - 2. Let x(c) = u*i(c) - 9*b(c). What is x(0)?
-2
Let y(n) be the third derivative of -n**5/30 - n**4/12 + n**3/6 + 11*n**2. What is y(1)?
-3
Let g(a) = -2 + 18*a - 1 - 16*a. Let o be 4/6*(-6)/(-2). Determine g(o).
1
Let x(a) = -5*a**2 + 32*a - 11. Let d(r) = -2*r**2 + 11*r - 4. Let u(s) = -11*d(s) + 4*x(s). What is u(-5)?
15
Suppose 0 = 2*z - 0*z + 6. Let d(s) = 6*s + 3. Calculate d(z).
-15
Let p(a) = -a**3 - a + 4. Let y = -14 - -14. Determine p(y).
4
Suppose -24 = 5*q - 4. Let f(r) = r**3 + 6*r**2 + 7*r + 4. Determine f(q).
8
Let b(r) be the third derivative of 11*r**5/60 + r**4/24 - 3*r**2. Let a(j) = -2*j**3 - j + 2. Let z be a(1). Calculate b(z).
10
Let m(d) = 11*d. Let b(l) = 5*l. Suppose 4 = -2*n - 22. Let f(o) = n*b(o) + 6*m(o). Let y = -8 - -11. Determine f(y).
3
Let c(s) = s**3 + 6*s**2 + s - 1. Let i = 32 - 46. Let p = i + 8. Determine c(p).
-7
Suppose -10 = -5*u + 5*j, -4*j = u + j + 16. Let f be -1 + (u - 1) + -1. Let q(x) = -2*x - 6. Let v(i) = -1. Let w(g) = q(g) - 3*v(g). Determine w(f).
5
Let y(n) = 6*n. Suppose 0 - 12 = -4*l. Suppose l*c - 4 = -c. What is y(c)?
6
Let k = -9 + 15. Let j(i) = i**3 - 6*i**2 - 2*i + 9. Calculate j(k).
-3
Let v be (2 + 1 - 3) + 0. Let p(x) be the second derivative of v - 2*x + 1/12*x**4 + 1/2*x**2 + x**3. Give p(-5).
-4
Let a(z) = -4*z**2 - 1. Let r(b) = -b**2 + 9*b + 9. Let n be -1 + (1*-22)/(-2). Let x be r(n). Determine a(x).
-5
Let m(v) be the third derivative of -v**6/12 - v**4/24 + 16*v**2. Determine m(1).
-11
Let b(r) be the second derivative of -r**5/10 + r**4/4 + r**3/6 - r**2 - 21*r. What is b(2)?
-4
Let c(x) = -4*x + 2*x + 3*x + 11. Let w(l) = -3*l - 39. Let r(q) = -18*c(q) - 5*w(q). Determine r(-2).
3
Suppose 3*m - 3*c + 2*c + 10 = 0, 4*c - 4 = 0. Let w be 19/(-5) + m/15. Let o(j) = -2*j**2 - 5*j + 3. Calculate o(w).
-9
Let f(d) = -d - 10. Let h be ((-3)/1)/3 + 1. What is f(h)?
-10
Let j(a) = 11*a - 5. Let o(h) = 5*h - 2. Let z(g) = 4*j(g) - 9*o(g). Let n be z(-5). Let l = n - 8. Let s(y) = y. What is s(l)?
-5
Let j be 1 + -4*5 + 1. Let i be ((-1)/(-3))/((-3)/j). Let b be (-7 - -2)*(i - 1). Let c(o) = o**3 + 5*o**2 + 4. Give c(b).
4
Let f(l) = l**3 + 3*l**2 + 5*l + 4. Suppose 3*v = 7 + 5. Let h be v/1*3/(-4). Give f(h).
-11
Suppose 2*p + 6 = 5*i, -3*p + i - 15 = 2*p. Let j(w) = w**2 + w + 1. What is j(p)?
7
Let a(h) be the third derivative of -1/12*h**4 + 3*h**2 + 0 + 2/3*h**3 + 0*h - 1/60*h**5. Determine a(3).
-11
Let m be 4/(-2 + 3) + -3. Let q be (-22)/(-11)*(0 - m). Let v(o) = -5*o**2 - 2*o + 1. Give v(q).
-15
Suppose -i = 3*o - 7, 21 = 3*i - o + 3*o. Let q(v) be the first derivative of v**3/3 - 3*v**2 - 4*v + 2. Give q(i).
3
Let h(o) = o**3 + 5*o**2 + 5*o + 6. Let y be h(-4). Let f(u) = -3*u - 1 - 1 - 2*u + 4*u. Give f(y).
-4
Let u(s) be the second derivative of 7*s**3/6 + 3*s**2/2 + 2*s. Let y(f) = f**3 + 3*f**2 - 3*f + 1. Let h be y(-4). Let c = h + 1. Give u(c).
-11
Let m(u) = u**2 + 3*u - 2. Let h be m(-3). Let w(l) = 3*l + 2. Give w(h).
-4
Let x(d) = 2*d**2 - 4*d + 3. Suppose 0 = 2*a + 4*n - 20, 0 = -5*a + n + 5 + 1. Calculate x(a).
3
Let h(k) = -k**3 - 4*k**2 + 4*k - 4. Let c = -3 - -6. Suppose 0 = -c*f + 7 + 2. Suppose -20 = q + f*q. Calculate h(q).
1
Let k be 4/(5 - ((-2 - -3) + 2)). Let s(b) = 2*b**2 - 3*b. Determine s(k).
2
Let s = 24 - 28. Let w(z) = z**3 + 4*z**2 - z - 3. Calculate w(s).
1
Let r(u) = -9*u + 95 - 103 - 7*u**2 + 3*u + 6*u**2. Give r(-6).
-8
Let j(q) = q**2 + 1. Let p(x) = x**3 + 4*x**2 + 3*x + 2. Let a(c) = -j(c) + p(c). Determine a(-2).
-1
Let t(w) = 4*w**3 + w**2 - 12. Let n = 20 + -16. Let y(j) = -3*j**3 - 2*j**2 + j + 11. Let x(g) = n*t(g) + 5*y(g). Calculate x(5).
7
Suppose -2*a + 4*u = 22 - 4, -6 = -3*a - 5*u. Let y(o) be the first derivative of 1 + o**2 - 1/4*o**4 - 2/3*o**3 - 2*o. What is y(a)?
1
Let m(b) = 6*b + 1. Suppose -4*t - 76 - 32 = 0. Let h = 28 + t. What is m(h)?
7
Suppose 0 = q - 5 - 3. Let l be 25/3 - q/(-12). Suppose 0 = i - w + l, 2*i - 5*w = -2*w - 23. Let v(j) = j. What is v(i)?
-4
Suppose -2*o + 9*o - 35 = 0. Suppose 3*d + 12 + 21 = 0. Let j = d + o. Let w(b) = -2*b - 9. What is w(j)?
3
Let k(l) = l**3 - 12*l**2 + l - 6. Let i be k(12). Let n(x) = x**2 - 7*x - 1. What is n(i)?
-7
Let v be ((-5)/15)/(2/6). Let r = -1 + v. Let w(c) = -2*c**3 - 3*c**2 + c + 2. Give w(r).
4
Let h(o) = -o**2 - o - 2. Let j(n) = n**2 - 8*n + 9. Let l be j(7). Suppose -l = -g - 4. Let v = g + 2. What is h(v)?
-2
Let z(x) = -x - 1. Let o(a) = 4*a**2 + 5*a + 12. Let c(k) = -7*k**2 - 11*k - 23. Let i(h) = 3*c(h) + 5*o(h). Let f(v) = -i(v) + 5*z(v). Determine f(-3).
4
Let o(p) = 3*p + 1 + 3 - p. Give o(3).
10
Let a(q) = 0*q**2 - 2*q**2 - 14 + 13. Give a(-1).
-3
Let n(y) = -y**3 - 4*y**2 - y + 4. Let i(b) = -b**2 - 4*b - 6. Let p be i(-3). What is n(p)?
-2
Let h = 12 + -6. Let k(j) be the second derivative of -j**8/6720 + j**7/420 + j**6/720 - j**4/3 + 9*j. Let i(q) be the third derivative of k(q). What is i(h)?
6
Suppose m + 3*m = 16. Suppose 0 = 2*b - 6*b + m. Let r(o) = 3*o + 1 - 3*o**2 - 3*o. Calculate r(b).
-2
Let m(k) be the second derivative of k**7/840 + k**6/90 - k**5/60 + k**4/6 - 5*k**3/6 - 6*k. Let r(z) be the second derivative of m(z). Calculate r(-4).
12
Let i = 46 - 78. Let r = -22 - i. Suppose 0 = 3*u + m - 3*m + 5, 4*u + r = 2*m. Let k(s) = s - 3. What is k(u)?
-8
Let m(c) = c. Let g(w) = 14*w**2 + 5*w - 1. Let u(a) = -g(a) + 5*m(a). Give u(1).
-13
Let d(a) = -a**2 - a. Let f = 2 - 1. Let p(t) = t - 1. Let m(i) = f*d(i) + p(i). Calculate m(0).
-1
Let n(m) = -3*m - 7. Let x = -3 + 3. Let i = x + -5. What is n(i)?
8
Suppose 5 = 9*o - 4. Let m(r) = -10*r**3 + r**2 - 1. Give m(o).
-10
Let p = -4 + 19. Let z(d) = d**2 - d - 3. Let b be z(-3). Let r = b - p. Let s(k) = k + 7. Determine s(r).
1
Let j(z) = -z + 2. Let t(n) = n + 1. Suppose -7 = i + 5*o, -2*o - 12 = -i - 5. Let u be t(i). Suppose -u*q = 3*f - 20, -f - 3*f = q - 5. Give j(f).
2
Let v(s) be the second derivative of -s**5/60 + 5*s**4/24 - s**3/3 - 7*s**2/2 + 7*s. Let l(k) be the first derivative of v(k). Determine l(5).
-2
Suppose -3*t - 3*t = 0. Let d(i) = -i**2 - 5. Calculate d(t).
-5
Let a = 3 + -1. Suppose o = -a*o + 12. Let g(s) = s**3 - 5*s**2 + 2*s - 2. Determine g(o).
-10
Let i(t) be the first derivative of t**2 + 2*t - 9. Determine i(-4).
-6
Let y(j) = 3*j**3 - 9*j**2 - 1. Let m(r) = 4*r**3 - 10*r**2 - 2. Let c(o) = 4*m(o) - 5*y(o). Calculate c(-5).
-3
Let c(q) = q - q**2 - 7*q**3 - 3*q**2 + 5*q**2 - 1. Let i be 16/3 + (-3)/9. Suppose -5*u + i*z - 7 = -2*u, 0 = -4*u - 5*z + 14. Determine c(u).
-6
Suppose -4*y + 0 = -8. Suppose 3*r + 6 = -3*u, -4*u = 2*r - 3*u. Let g(m) = r*m + 0 + 1 - m. Determine g(y).
3
Let l be (-4)/(-14) + (-38)/(-14). Suppose 0 = p + 3*f - 19, -3*p + l*f = -7*p + 31. Suppose 3*y - p = y. Let w(b) = 2*b. Calculate w(y).
4
Let u(f) = f - 1. Suppose 0 = 17*y - 12*y + 25. Calculate u(y).
-6
Let s(y) = 12*y**2 + 0*y + 5*y - 7*y**2 + y**3 + 4. Let j(t) = t**2 - 5*t - 5. Let n be j(6). Let o be -3 + 1 + -2*n. Determine s(o).
0
Let u(t) = t**3 + 4*t**2 - 6*t. Let z(s) = -s + 2. Let x be z(7). Let m be u(x). Suppose -m = -5*b - 15. Let i(w) = -3*w - 1. Determine i(b).
5
Suppose -2*c - 15 = -3*v + 1, -4*c = 8. Suppose v*l = -0*l. Let g(h) = h - 11. Give g(l).
-11
Let o be 6 - (8 + -1) - 1/(-1). Let q(i) = 5*i**3 + 5*i**2 - 3*i - 3. Let z(m) = 9*m**3 + 9*m**2 - 5*m - 7. Let x(v) = -7*q(v) + 4*z(v). Calculate x(o).
-7
Let g(u) = -u**3 - 4*u**2 + 7*u + 1. Let v be (-2 - 2) + 2/(-2). Let d be v/(-10)*(0 + 4). Suppose -2*o = -d*f + 7*f - 10, 16 = -4*o - f. What is g(o)?
-9
Let c(z) = -z**3 + 4*z**2 - 2*z + 1. Suppose -5*w + 4 + 11 = 0. Give c(w).
4
Suppose 0*m + 8 = w - 4*m, 15 = -3*w - m. Let c be (w + 0)*1/(-2). Suppose 3*b - c*p + 9 = -5, 2*p = 2*b + 12. Let y(t) = -2*t - 1. Give y(b).
3
Suppose 3*j - 21 = 3*a, 1 = j + 5*a + 6. Let f(v) = 2*v**2 + 4*v + 2. Let c be f(-2). Let d(o) = -3*o**c + 7 + o**3 - j*o - 7. What is d(4)?
-4
Let d(u) = -3 + 6*u**2 + 97*u + 100*u - 3*u**3 - 200*u + 2*u**3. Give d(5).
7
Let f = -5 + 10. Let j(p) = -p + 1. Let k be j(f). Let r(y) = -4*y**2 - 4*y - 2*y**3 - 6 + y**3 - 5*y**2 + 4*y**2. Determine r(k).
-6
Let k(u) = 2 + 2*u + u - 1 + 2. Let s = -8 - -4. Determine k(s).
-9
Let q(b) = -b